Dec 02 22:45:03.159 INFO testing pidlock-0.1.2 against master#8940af3cea4a9a9deabcaf843b2f8cad9a83fc61 for beta-1.31-5
Dec 02 22:45:03.160 INFO running `"docker" "create" "-v" "/mnt/big/crater/work/local/target-dirs/beta-1.31-5/worker-6/master#8940af3cea4a9a9deabcaf843b2f8cad9a83fc61:/target:rw,Z" "-v" "/mnt/big/crater/work/local/test-source/worker-6/beta-1.31-5/master#8940af3cea4a9a9deabcaf843b2f8cad9a83fc61:/source:ro,Z" "-v" "/mnt/big/crater/work/local/cargo-home:/cargo-home:ro,Z" "-v" "/mnt/big/crater/work/local/rustup-home:/rustup-home:ro,Z" "-e" "USER_ID=1000" "-e" "SOURCE_DIR=/source" "-e" "USER_ID=1000" "-e" "CMD=cargo +8940af3cea4a9a9deabcaf843b2f8cad9a83fc61-alt build --frozen" "-e" "CARGO_TARGET_DIR=/target" "-e" "CARGO_INCREMENTAL=0" "-e" "RUST_BACKTRACE=full" "-e" "RUSTFLAGS=--cap-lints=warn" "-e" "CARGO_HOME=/cargo-home" "-e" "RUSTUP_HOME=/rustup-home" "-m" "1536M" "--network" "none" "crater"`
Dec 02 22:45:03.630 INFO [stdout] 9810f59c8f12f58e86531157ce9604a9dcfd273b4febcbc6051610a06c48beb0
Dec 02 22:45:03.632 INFO running `"docker" "start" "-a" "9810f59c8f12f58e86531157ce9604a9dcfd273b4febcbc6051610a06c48beb0"`
Dec 02 22:45:04.074 INFO [stderr] usermod: no changes
Dec 02 22:45:04.115 INFO [stderr]    Compiling pidlock v0.1.2 (/source)
Dec 02 22:45:04.990 INFO [stderr]     Finished dev [unoptimized + debuginfo] target(s) in 0.89s
Dec 02 22:45:05.003 INFO [stderr] su: No module specific data is present
Dec 02 22:45:05.396 INFO running `"docker" "inspect" "9810f59c8f12f58e86531157ce9604a9dcfd273b4febcbc6051610a06c48beb0"`
Dec 02 22:45:05.628 INFO running `"docker" "rm" "-f" "9810f59c8f12f58e86531157ce9604a9dcfd273b4febcbc6051610a06c48beb0"`
Dec 02 22:45:05.893 INFO [stdout] 9810f59c8f12f58e86531157ce9604a9dcfd273b4febcbc6051610a06c48beb0
Dec 02 22:45:05.897 INFO running `"docker" "create" "-v" "/mnt/big/crater/work/local/target-dirs/beta-1.31-5/worker-6/master#8940af3cea4a9a9deabcaf843b2f8cad9a83fc61:/target:rw,Z" "-v" "/mnt/big/crater/work/local/test-source/worker-6/beta-1.31-5/master#8940af3cea4a9a9deabcaf843b2f8cad9a83fc61:/source:ro,Z" "-v" "/mnt/big/crater/work/local/cargo-home:/cargo-home:ro,Z" "-v" "/mnt/big/crater/work/local/rustup-home:/rustup-home:ro,Z" "-e" "USER_ID=1000" "-e" "SOURCE_DIR=/source" "-e" "USER_ID=1000" "-e" "CMD=cargo +8940af3cea4a9a9deabcaf843b2f8cad9a83fc61-alt test --frozen --no-run" "-e" "CARGO_TARGET_DIR=/target" "-e" "CARGO_INCREMENTAL=0" "-e" "RUST_BACKTRACE=full" "-e" "RUSTFLAGS=--cap-lints=warn" "-e" "CARGO_HOME=/cargo-home" "-e" "RUSTUP_HOME=/rustup-home" "-m" "1536M" "--network" "none" "crater"`
Dec 02 22:45:06.184 INFO [stdout] 77a5a5acb528e29c89ff33c83bab7cf6860da423ff508975866333b00d771b14
Dec 02 22:45:06.187 INFO running `"docker" "start" "-a" "77a5a5acb528e29c89ff33c83bab7cf6860da423ff508975866333b00d771b14"`
Dec 02 22:45:07.058 INFO [stderr] usermod: no changes
Dec 02 22:45:07.171 INFO [stderr]    Compiling pidlock v0.1.2 (/source)
Dec 02 22:45:08.821 INFO [stderr]     Finished dev [unoptimized + debuginfo] target(s) in 1.73s
Dec 02 22:45:08.825 INFO [stderr] su: No module specific data is present
Dec 02 22:45:09.451 INFO running `"docker" "inspect" "77a5a5acb528e29c89ff33c83bab7cf6860da423ff508975866333b00d771b14"`
Dec 02 22:45:09.571 INFO running `"docker" "rm" "-f" "77a5a5acb528e29c89ff33c83bab7cf6860da423ff508975866333b00d771b14"`
Dec 02 22:45:09.780 INFO [stdout] 77a5a5acb528e29c89ff33c83bab7cf6860da423ff508975866333b00d771b14
Dec 02 22:45:09.791 INFO running `"docker" "create" "-v" "/mnt/big/crater/work/local/target-dirs/beta-1.31-5/worker-6/master#8940af3cea4a9a9deabcaf843b2f8cad9a83fc61:/target:rw,Z" "-v" "/mnt/big/crater/work/local/test-source/worker-6/beta-1.31-5/master#8940af3cea4a9a9deabcaf843b2f8cad9a83fc61:/source:ro,Z" "-v" "/mnt/big/crater/work/local/cargo-home:/cargo-home:ro,Z" "-v" "/mnt/big/crater/work/local/rustup-home:/rustup-home:ro,Z" "-e" "USER_ID=1000" "-e" "SOURCE_DIR=/source" "-e" "USER_ID=1000" "-e" "CMD=cargo +8940af3cea4a9a9deabcaf843b2f8cad9a83fc61-alt test --frozen" "-e" "CARGO_TARGET_DIR=/target" "-e" "CARGO_INCREMENTAL=0" "-e" "RUST_BACKTRACE=full" "-e" "RUSTFLAGS=--cap-lints=warn" "-e" "CARGO_HOME=/cargo-home" "-e" "RUSTUP_HOME=/rustup-home" "-m" "1536M" "--network" "none" "crater"`
Dec 02 22:45:10.123 INFO [stdout] 6cf32f45d27641dfe9c39fb697cc73f4e68be78004e2c315c0210a11ae627f8a
Dec 02 22:45:10.124 INFO running `"docker" "start" "-a" "6cf32f45d27641dfe9c39fb697cc73f4e68be78004e2c315c0210a11ae627f8a"`
Dec 02 22:45:10.681 INFO [stderr] usermod: no changes
Dec 02 22:45:10.710 INFO [stderr]     Finished dev [unoptimized + debuginfo] target(s) in 0.01s
Dec 02 22:45:10.722 INFO [stderr]      Running /target/debug/deps/pidlock-3c195f5c2fcd75e6
Dec 02 22:45:10.723 INFO [stdout] 
Dec 02 22:45:10.723 INFO [stdout] running 5 tests
Dec 02 22:45:10.724 INFO [stdout] test tests::test_new ... ok
Dec 02 22:45:10.724 INFO [stdout] test tests::test_acquire_and_release ... ok
Dec 02 22:45:10.724 INFO [stdout] test tests::test_release_bad_state ... ok
Dec 02 22:45:10.728 INFO [stdout] test tests::test_acquire_lock_exists ... ok
Dec 02 22:45:10.746 INFO [stdout] test tests::test_acquire_already_acquired ... FAILED
Dec 02 22:45:10.746 INFO [stdout] 
Dec 02 22:45:10.746 INFO [stdout] failures:
Dec 02 22:45:10.746 INFO [stdout] 
Dec 02 22:45:10.746 INFO [stdout] ---- tests::test_acquire_already_acquired stdout ----
Dec 02 22:45:10.746 INFO [stdout] thread 'tests::test_acquire_already_acquired' panicked at 'called `Result::unwrap()` on an `Err` value: LockExists', libcore/result.rs:1009:5
Dec 02 22:45:10.746 INFO [stdout] stack backtrace:
Dec 02 22:45:10.746 INFO [stdout]    0:     0x56310ec4f33f - std::sys::unix::backtrace::tracing::imp::unwind_backtrace::h3a8b83e1922cbdde
Dec 02 22:45:10.746 INFO [stdout]                                at libstd/sys/unix/backtrace/tracing/gcc_s.rs:49
Dec 02 22:45:10.746 INFO [stdout]    1:     0x56310ec58387 - std::sys_common::backtrace::print::h00d3155a29b4020f
Dec 02 22:45:10.746 INFO [stdout]                                at libstd/sys_common/backtrace.rs:71
Dec 02 22:45:10.746 INFO [stdout]                                at libstd/sys_common/backtrace.rs:59
Dec 02 22:45:10.746 INFO [stdout]    2:     0x56310ec5306f - std::panicking::default_hook::{{closure}}::hd7465c742e79e1bb
Dec 02 22:45:10.746 INFO [stdout]                                at libstd/panicking.rs:211
Dec 02 22:45:10.746 INFO [stdout]    3:     0x56310ec52d6e - std::panicking::default_hook::h9e3966f2aa2a6e12
Dec 02 22:45:10.746 INFO [stdout]                                at libstd/panicking.rs:221
Dec 02 22:45:10.746 INFO [stdout]    4:     0x56310ec5374e - std::panicking::rust_panic_with_hook::h587f091ae747d080
Dec 02 22:45:10.746 INFO [stdout]                                at libstd/panicking.rs:476
Dec 02 22:45:10.746 INFO [stdout]    5:     0x56310ec532f1 - std::panicking::continue_panic_fmt::hb3a4fdede87f43a8
Dec 02 22:45:10.746 INFO [stdout]                                at libstd/panicking.rs:390
Dec 02 22:45:10.746 INFO [stdout]    6:     0x56310ec531d5 - rust_begin_unwind
Dec 02 22:45:10.746 INFO [stdout]                                at libstd/panicking.rs:325
Dec 02 22:45:10.746 INFO [stdout]    7:     0x56310ec937bc - core::panicking::panic_fmt::h6f9cebf5e7474a0b
Dec 02 22:45:10.746 INFO [stdout]                                at libcore/panicking.rs:77
Dec 02 22:45:10.746 INFO [stdout]    8:     0x56310ebfd509 - core::result::unwrap_failed::hca0c0ec853543b41
Dec 02 22:45:10.746 INFO [stdout]                                at libcore/macros.rs:26
Dec 02 22:45:10.746 INFO [stdout]    9:     0x56310ebfcc9f - <core::result::Result<T, E>>::unwrap::h6176172658f61b7c
Dec 02 22:45:10.746 INFO [stdout]                                at libcore/result.rs:808
Dec 02 22:45:10.746 INFO [stdout]   10:     0x56310ebf7cde - pidlock::tests::test_acquire_already_acquired::h62cce6e2ab0c255e
Dec 02 22:45:10.746 INFO [stdout]                                at src/lib.rs:162
Dec 02 22:45:10.746 INFO [stdout]   11:     0x56310ebf7c79 - pidlock::tests::test_acquire_already_acquired::{{closure}}::h8ed6b01c1633daa9
Dec 02 22:45:10.746 INFO [stdout]                                at src/lib.rs:160
Dec 02 22:45:10.746 INFO [stdout]   12:     0x56310ebfacdd - core::ops::function::FnOnce::call_once::h26020f4dc1cc3bea
Dec 02 22:45:10.746 INFO [stdout]                                at libcore/ops/function.rs:238
Dec 02 22:45:10.746 INFO [stdout]   13:     0x56310ec0206e - <F as alloc::boxed::FnBox<A>>::call_box::hac903f91577a156c
Dec 02 22:45:10.746 INFO [stdout]                                at libtest/lib.rs:1468
Dec 02 22:45:10.746 INFO [stdout]                                at libcore/ops/function.rs:238
Dec 02 22:45:10.746 INFO [stdout]                                at liballoc/boxed.rs:672
Dec 02 22:45:10.746 INFO [stdout]   14:     0x56310ec63339 - __rust_maybe_catch_panic
Dec 02 22:45:10.746 INFO [stdout]                                at libpanic_unwind/lib.rs:102
Dec 02 22:45:10.746 INFO [stdout]   15:     0x56310ec23cc2 - std::sys_common::backtrace::__rust_begin_short_backtrace::hb8f0d0309526c184
Dec 02 22:45:10.746 INFO [stdout]                                at libstd/panicking.rs:289
Dec 02 22:45:10.746 INFO [stdout]                                at libstd/panic.rs:392
Dec 02 22:45:10.746 INFO [stdout]                                at libtest/lib.rs:1423
Dec 02 22:45:10.746 INFO [stdout]                                at libstd/sys_common/backtrace.rs:136
Dec 02 22:45:10.746 INFO [stdout]   16:     0x56310ec24774 - std::panicking::try::do_call::hc2f7c8b9a348d8db
Dec 02 22:45:10.746 INFO [stdout]                                at libstd/thread/mod.rs:409
Dec 02 22:45:10.746 INFO [stdout]                                at libstd/panic.rs:313
Dec 02 22:45:10.746 INFO [stdout]                                at libstd/panicking.rs:310
Dec 02 22:45:10.746 INFO [stdout]   17:     0x56310ec63339 - __rust_maybe_catch_panic
Dec 02 22:45:10.746 INFO [stdout]                                at libpanic_unwind/lib.rs:102
Dec 02 22:45:10.746 INFO [stdout]   18:     0x56310ec119ac - <F as alloc::boxed::FnBox<A>>::call_box::h6bfded618e480b32
Dec 02 22:45:10.746 INFO [stdout]                                at libstd/panicking.rs:289
Dec 02 22:45:10.746 INFO [stdout]                                at libstd/panic.rs:392
Dec 02 22:45:10.746 INFO [stdout]                                at libstd/thread/mod.rs:408
Dec 02 22:45:10.746 INFO [stdout]                                at liballoc/boxed.rs:672
Dec 02 22:45:10.746 INFO [stdout]   19:     0x56310ec50f5d - std::sys_common::thread::start_thread::h4c28257d67cdf9cb
Dec 02 22:45:10.746 INFO [stdout]                                at liballoc/boxed.rs:682
Dec 02 22:45:10.746 INFO [stdout]                                at libstd/sys_common/thread.rs:24
Dec 02 22:45:10.747 INFO [stdout]   20:     0x56310ec46465 - std::sys::unix::thread::Thread::new::thread_start::hfecb2e7eff8fd34f
Dec 02 22:45:10.747 INFO [stdout]                                at libstd/sys/unix/thread.rs:90
Dec 02 22:45:10.747 INFO [stdout]   21:     0x7f8e6d6f16b9 - start_thread
Dec 02 22:45:10.747 INFO [stdout]   22:     0x7f8e6d21141c - clone
Dec 02 22:45:10.747 INFO [stdout]   23:                0x0 - <unknown>
Dec 02 22:45:10.747 INFO [stdout] 
Dec 02 22:45:10.747 INFO [stdout] 
Dec 02 22:45:10.747 INFO [stdout] failures:
Dec 02 22:45:10.747 INFO [stdout]     tests::test_acquire_already_acquired
Dec 02 22:45:10.747 INFO [stdout] 
Dec 02 22:45:10.747 INFO [stdout] test result: FAILED. 4 passed; 1 failed; 0 ignored; 0 measured; 0 filtered out
Dec 02 22:45:10.747 INFO [stdout] 
Dec 02 22:45:10.749 INFO [stderr] error: test failed, to rerun pass '--lib'
Dec 02 22:45:10.750 INFO [stderr] su: No module specific data is present
Dec 02 22:45:11.229 INFO running `"docker" "inspect" "6cf32f45d27641dfe9c39fb697cc73f4e68be78004e2c315c0210a11ae627f8a"`
Dec 02 22:45:11.313 INFO running `"docker" "rm" "-f" "6cf32f45d27641dfe9c39fb697cc73f4e68be78004e2c315c0210a11ae627f8a"`
Dec 02 22:45:11.400 INFO [stdout] 6cf32f45d27641dfe9c39fb697cc73f4e68be78004e2c315c0210a11ae627f8a
